 the remainder when 1963542 is divided by 77.
42
Calculate the remainder when 11790095 is divided by 540.
275
What is the remainder when 157875 is divided by 9286?
13
What is the remainder when 11491 is divided by 1004?
447
What is the remainder when 53541 is divided by 1278?
1143
What is the remainder when 20146285 is divided by 1549?
1540
Calculate the remainder when 2937536 is divided by 244.
20
Calculate the remainder when 9156 is divided by 2040.
996
What is the remainder when 2726873 is divided by 65?
58
What is the remainder when 47531 is divided by 294?
197
Calculate the remainder when 905859 is divided by 22094.
5
Calculate the remainder when 2772512 is divided by 115.
92
Calculate the remainder when 133665 is divided by 4181.
4054
What is the remainder when 28216779 is divided by 21152?
11
Calculate the remainder when 48385 is divided by 347.
152
What is the remainder when 33159623 is divided by 339?
338
Calculate the remainder when 1137947 is divided by 379261.
164
What is the remainder when 348318 is divided by 112447?
10977
Calculate the remainder when 3317072 is divided by 414634.
0
What is the remainder when 1096699 is divided by 656?
523
What is the remainder when 41360 is divided by 13757?
89
Calculate the remainder when 227601501 is divided by 159.
156
What is the remainder when 281957 is divided by 2953?
1422
Calculate the remainder when 4663693 is divided by 854.
853
Calculate the remainder when 2109707 is divided by 2582.
213
What is the remainder when 2430154 is divided by 20421?
55
Calculate the remainder when 4494430 is divided by 1498079.
193
Calculate the remainder when 19789 is divided by 9594.
601
Calculate the remainder when 760733 is divided by 5555.
5253
Calculate the remainder when 942419 is divided by 2788.
75
What is the remainder when 84745097 is divided by 3827?
9
Calculate the remainder when 58424 is divided by 13848.
3032
What is the remainder when 2246374 is divided by 64152?
1054
What is the remainder when 17819996 is divided by 33?
29
Calculate the remainder when 7278654 is divided by 346601.
33
Calculate the remainder when 402685 is divided by 1693.
1444
What is the remainder when 1920237 is divided by 419?
379
Calculate the remainder when 842849 is divided by 218.
61
What is the remainder when 36970603 is divided by 1773?
7
What is the remainder when 1856642 is divided by 3876?
38
Calculate the remainder when 83047 is divided by 27483.
598
Calculate the remainder when 50360 is divided by 981.
329
What is the remainder when 61302 is divided by 246?
48
Calculate the remainder when 98264459 is divided by 1236.
1223
What is the remainder when 149351772 is divided by 25?
22
Calculate the remainder when 2105252 is divided by 1663.
1557
What is the remainder when 303561 is divided by 100793?
1182
Calculate the remainder when 270323 is divided by 266270.
4053
What is the remainder when 8735955 is divided by 1089?
1086
Calculate the remainder when 1043563780 is divided by 6046.
6042
What is the remainder when 90688947 is divided by 837?
834
What is the remainder when 102746255 is divided by 1929?
1928
What is the remainder when 27565822 is divided by 3937974?
4
What is the remainder when 68986 is divided by 22654?
1024
Calculate the remainder when 80093 is divided by 26379.
956
Calculate the remainder when 13856787 is divided by 17065.
7
What is the remainder when 608976 is divided by 99?
27
What is the remainder when 1217224 is divided by 243441?
19
What is the remainder when 1890 is divided by 71?
44
Calculate the remainder when 684142 is divided by 1165.
287
What is the remainder when 94059 is divided by 1572?
1311
Calculate the remainder when 3826065 is divided by 337.
104
What is the remainder when 71634 is divided by 34402?
2830
What is the remainder when 11755407 is divided by 4742?
4731
What is the remainder when 14128822 is divided by 5183?
5147
Calculate the remainder when 345104593 is divided by 165.
163
What is the remainder when 391288 is divided by 429?
40
What is the remainder when 228038 is divided by 228018?
20
What is the remainder when 4164192 is divided by 166567?
17
What is the remainder when 130175 is divided by 130094?
81
What is the remainder when 6258547 is divided by 850?
847
Calculate the remainder when 4441398 is divided by 2554.
2546
Calculate the remainder when 94515 is divided by 1884.
315
What is the remainder when 854713 is divided by 288?
217
What is the remainder when 2861379 is divided by 2870?
2859
What is the remainder when 557974 is divided by 27884?
294
Calculate the remainder when 34021 is divided by 11105.
706
What is the remainder when 887203 is divided by 10953?
10
What is the remainder when 20207400 is divided by 87?
84
Calculate the remainder when 6591378 is divided by 388.
34
What is the remainder when 4627295 is divided by 40?
15
What is the remainder when 18563339 is divided by 105?
74
Calculate the remainder when 225088860 is divided by 7.
3
Calculate the remainder when 4071561 is divided by 595.
571
What is the remainder when 42977086 is divided by 378?
376
What is the remainder when 4958088 is divided by 2479036?
16
What is the remainder when 582329 is divided by 142?
129
What is the remainder when 8817126 is divided by 94?
20
What is the remainder when 61324631 is divided by 36?
35
What is the remainder when 10269 is divided by 2323?
977
What is the remainder when 9697810 is divided by 75?
10
What is the remainder when 14586780 is divided by 5138?
5136
What is the remainder when 801801 is divided by 44544?
9
What is the remainder when 151195251 is divided by 2603?
2599
Calculate the remainder when 189839 is divided by 10058.
8795
What is the remainder when 654600 is divided by 221?
219
Calculate the remainder when 3824 is divided by 1398.
1028
What is the remainder when 472087 is divided by 4331?
8
What is the remainder when 75502 is divided by 26?
24
What is the remainder when 312341 is divided by 1?
0
What is the remainder when 372245 is divided by 92?
13
What is the remainder when 6556818 is divided by 655680?
18
Calculate the remainder when 11573 is divided by 9418.
2155
What is the remainder when 63672 is divided by 3174?
192
What is the remainder when 11877 is divided by 448?
229
Calculate the remainder when 584428 is divided by 348.
136
What is the remainder when 262252075 is divided by 433?
429
Calculate the remainder when 42503 is divided by 40498.
2005
Calculate the remainder when 316496 is divided by 12659.
21
Calculate the remainder when 87241436 is divided by 341.
337
What is the remainder when 149502 is divided by 74669?
164
Calculate the remainder when 50664 is divided by 50658.
6
What is the remainder when 16946211 is divided by 161?
156
What is the remainder when 8454115 is divided by 867?
865
What is the remainder when 235954229 is divided by 3041?
3039
Calculate the remainder when 18920097 is divided by 334.
333
What is the remainder when 1577774 is divided by 932?
830
What is the remainder when 422533 is divided by 3371?
1158
What is the remainder when 7115968 is divided by 207?
136
Calculate the remainder when 621473 is divided by 68967.
770
What is the remainder when 50385 is divided by 4702?
3365
What is the remainder when 1444958 is divided by 225?
8
What is the remainder when 120274 is divided by 60115?
44
Calculate the remainder when 29580 is divided by 1476.
60
Calculate the remainder when 14303843 is divided by 783.
782
Calculate the remainder when 52536 is divided by 26245.
46
What is the remainder when 805943 is divided by 24422?
17
Calculate the remainder when 2485813 is divided by 3183.
3073
Calculate the remainder when 9749376 is divided by 17.
12
Calculate the remainder when 2313793 is divided by 33.
31
What is the remainder when 1290002 is divided by 644974?
54
Calculate the remainder when 5354154 is divided by 3.
0
What is the remainder when 1864732 is divided by 70?
2
Calculate the remainder when 7085066 is divided by 254.
244
What is the remainder when 3146839 is divided by 34?
3
What is the remainder when 306728 is divided by 360?
8
What is the remainder when 2827112 is divided by 1092?
1016
What is the remainder when 4441962 is divided by 1132?
1126
Calculate the remainder when 232644 is divided by 927.
894
Calcul